{"id":416,"date":"2021-10-03T19:04:51","date_gmt":"2021-10-03T17:04:51","guid":{"rendered":"http:\/\/prdgielniow.pl\/?page_id=416"},"modified":"2021-10-03T19:10:02","modified_gmt":"2021-10-03T17:10:02","slug":"oferta","status":"publish","type":"page","link":"https:\/\/prdgielniow.pl\/?page_id=416","title":{"rendered":"Oferta"},"content":{"rendered":"\t\t<div data-elementor-type=\"wp-page\" data-elementor-id=\"416\" class=\"elementor elementor-416\" data-elementor-settings=\"[]\">\n\t\t\t\t\t\t\t<div class=\"elementor-section-wrap\">\n\t\t\t\t\t\t\t<section class=\"elementor-section elementor-top-section elementor-element elementor-element-717c914 elementor-section-boxed elementor-section-height-default elementor-section-height-default\" data-id=\"717c914\" data-element_type=\"section\">\n\t\t\t\t\t\t<div class=\"elementor-container elementor-column-gap-default\">\n\t\t\t\t\t<div class=\"elementor-column elementor-col-100 elementor-top-column elementor-element elementor-element-61c9f88\" data-id=\"61c9f88\" data-element_type=\"column\">\n\t\t\t<div class=\"elementor-widget-wrap elementor-element-populated\">\n\t\t\t\t\t\t\t\t<div class=\"elementor-element elementor-element-c4f7b12 elementor-widget elementor-widget-spacer\" data-id=\"c4f7b12\" data-element_type=\"widget\" data-widget_type=\"spacer.default\">\n\t\t\t\t<div class=\"elementor-widget-container\">\n\t\t\t\t\t<div class=\"elementor-spacer\">\n\t\t\t<div class=\"elementor-spacer-inner\"><\/div>\n\t\t<\/div>\n\t\t\t\t<\/div>\n\t\t\t\t<\/div>\n\t\t\t\t<div class=\"elementor-element elementor-element-90c2f29 elementor-invisible elementor-widget elementor-widget-heading\" data-id=\"90c2f29\" data-element_type=\"widget\" data-settings=\"{&quot;_animation&quot;:&quot;bounceIn&quot;}\" data-widget_type=\"heading.default\">\n\t\t\t\t<div class=\"elementor-widget-container\">\n\t\t\t<h2 class=\"elementor-heading-title elementor-size-default\">Oferta<\/h2>\t\t<\/div>\n\t\t\t\t<\/div>\n\t\t\t\t\t<\/div>\n\t\t<\/div>\n\t\t\t\t\t\t\t<\/div>\n\t\t<\/section>\n\t\t\t\t<section class=\"elementor-section elementor-top-section elementor-element elementor-element-e5baac2 elementor-section-boxed elementor-section-height-default elementor-section-height-default\" data-id=\"e5baac2\" data-element_type=\"section\">\n\t\t\t\t\t\t<div class=\"elementor-container elementor-column-gap-default\">\n\t\t\t\t\t<div class=\"elementor-column elementor-col-100 elementor-top-column elementor-element elementor-element-dd219e5\" data-id=\"dd219e5\" data-element_type=\"column\">\n\t\t\t<div class=\"elementor-widget-wrap elementor-element-populated\">\n\t\t\t\t\t\t\t\t<div class=\"elementor-element elementor-element-4ad1303 elementor-invisible elementor-widget elementor-widget-text-editor\" data-id=\"4ad1303\" data-element_type=\"widget\" data-settings=\"{&quot;_animation&quot;:&quot;fadeInLeft&quot;}\" data-widget_type=\"text-editor.default\">\n\t\t\t\t<div class=\"elementor-widget-container\">\n\t\t\t\t\t\t\t\t<p><strong>Nasza oferta<\/strong><br \/>\u00a0&#8211; Budowa, modernizacja i remonty nawierzchni jezdni, dr\u00f3g, ulic, plac\u00f3w i chodnik\u00f3w z mas mineralno-asfaltowych, betonu, element\u00f3w betonowych i \u017celbetonowych, t\u0142ucznia kamiennego, \u017cwiru itp.<br \/>\u00a0&#8211; Budowa kompleksowa dr\u00f3g i ulic, w tym dr\u00f3g gruntowych, rolniczych z materia\u0142\u00f3w miejscowych<br \/>wszelkie roboty ziemne i niwelacja terenu<br \/>\u00a0&#8211; Budowa system\u00f3w odwadniaj\u0105cych kanalizacji deszczowej, budowa row\u00f3w odwadniaj\u0105cych otwartych, renowacja row\u00f3w, \u015bcinki i profilowanie poboczy, rekultywacja i urz\u0105dzanie terenu<br \/>\u00a0&#8211; Wymiana, odnawianie oznakowania pionowego i poziomego<br \/>\u00a0&#8211; Produkcja wysokiej jako\u015bci mas bitumicznych<br \/>\u00a0&#8211; Wynajem sprz\u0119tu specjalistycznego\\<\/p><p><br \/>Posiadamy najwy\u017csze gwarancje jako\u015bci rob\u00f3t. Dysponujemy wykwalifikowan\u0105 i do\u015bwiadczon\u0105 kadr\u0105. Stosujemy najnowsze, optymalne technologie. U\u017cywamy wysokiej klasy sprz\u0119tu specjalistycznego. Zapewniamy pe\u0142ne dostawy materia\u0142\u00f3w. Wsp\u00f3\u0142pracujemy z fachowymi i rzetelnymi dostawcami i kooperantami. Oferujemy optymalne terminy realizacji i konkurencyjne ceny. Prowadzona przez nasz\u0105 firm\u0119 polityka jako\u015bci, realizowane przez w\u0142asne Laboratorium Drogowe, gwarantuje wykonawstwo dostosowane do najnowszych standard\u00f3w europejskich.<br \/>Szybk\u0105 i sprawn\u0105 realizacj\u0119 zleconych rob\u00f3t osi\u0105gamy dzi\u0119ki w\u0142asnej bazie sprz\u0119towo \u2013 transportowej oraz wytw\u00f3rni mas bitumicznych BERNARDI o wydajno\u015bci 120 t\/h.<\/p>\t\t\t\t\t\t<\/div>\n\t\t\t\t<\/div>\n\t\t\t\t\t<\/div>\n\t\t<\/div>\n\t\t\t\t\t\t\t<\/div>\n\t\t<\/section>\n\t\t\t\t\t\t<\/div>\n\t\t\t\t\t<\/div>\n\t\t","protected":false},"excerpt":{"rendered":"<p>Oferta Nasza oferta\u00a0&#8211; Budowa, modernizacja i remonty nawierzchni jezdni, dr\u00f3g, ulic, plac\u00f3w i chodnik\u00f3w z mas mineralno-asfaltowych, betonu, element\u00f3w betonowych i \u017celbetonowych, t\u0142ucznia kamiennego, \u017cwiru itp.\u00a0&#8211; Budowa kompleksowa dr\u00f3g i ulic, w tym dr\u00f3g gruntowych, rolniczych z materia\u0142\u00f3w miejscowychwszelkie roboty ziemne i niwelacja terenu\u00a0&#8211; Budowa system\u00f3w odwadniaj\u0105cych kanalizacji deszczowej, budowa [&hellip;]<\/p>\n","protected":false},"author":1,"featured_media":0,"parent":0,"menu_order":0,"comment_status":"closed","ping_status":"closed","template":"page-templates\/template-pagebuilder-full-width.php","meta":{"footnotes":""},"class_list":["post-416","page","type-page","status-publish","hentry"],"_links":{"self":[{"href":"https:\/\/prdgielniow.pl\/index.php?rest_route=\/wp\/v2\/pages\/416","targetHints":{"allow":["GET"]}}],"collection":[{"href":"https:\/\/prdgielniow.pl\/index.php?rest_route=\/wp\/v2\/pages"}],"about":[{"href":"https:\/\/prdgielniow.pl\/index.php?rest_route=\/wp\/v2\/types\/page"}],"author":[{"embeddable":true,"href":"https:\/\/prdgielniow.pl\/index.php?rest_route=\/wp\/v2\/users\/1"}],"replies":[{"embeddable":true,"href":"https:\/\/prdgielniow.pl\/index.php?rest_route=%2Fwp%2Fv2%2Fcomments&post=416"}],"version-history":[{"count":7,"href":"https:\/\/prdgielniow.pl\/index.php?rest_route=\/wp\/v2\/pages\/416\/revisions"}],"predecessor-version":[{"id":424,"href":"https:\/\/prdgielniow.pl\/index.php?rest_route=\/wp\/v2\/pages\/416\/revisions\/424"}],"wp:attachment":[{"href":"https:\/\/prdgielniow.pl\/index.php?rest_route=%2Fwp%2Fv2%2Fmedia&parent=416"}],"curies":[{"name":"wp","href":"https:\/\/api.w.org\/{rel}","templated":true}]}}